
Suppose 3*b = -0*f + 3*f, 9 = f - 4*b. Let z = -9 + 13. Let p = z - f. List the prime factors of p.
7
Suppose 5*r - 3*r + 3*l = -6, -2*l - 14 = -2*r. List the prime factors of r.
3
Suppose -3*d - 22 = -2*x + 2*d, 4 = -2*d. Let j(z) = -z**3 + 6*z**2 + 9*z - 12. List the prime factors of j(x).
2, 3, 7
Let h(i) = -i**2 - 18 + 0*i**2 - 4 + 20*i + 3. List the prime factors of h(17).
2
Suppose -7 - 9 = -4*t. Suppose -2*r - 2*v - v + 11 = 0, -5*r = -2*v - 18. Suppose -r*h + 52 = -t*s, -5*s = 3*h - 0*h - 15. What are the prime factors of h?
2, 5
Let h be 4/(-2 - (2 + -6)). Let r(o) = 1 - 12 + 4*o - h*o. What are the prime factors of r(8)?
5
Suppose -409 - 5 = -3*q. List the prime factors of q.
2, 3, 23
Suppose -2*i + 4*x = -80, 2*i = 3*x + 9 + 67. What are the prime factors of i?
2
Let t(n) = -n**3 - 12*n + 1 - 4 - 12*n**2 - 3. Let m be t(-11). Suppose 6*y - y + 4*v = 10, 2*v = m*y - 10. List the prime factors of y.
2
Suppose 2*m + 38 = 4*s, 2*s + 78 = -5*m + 19. Let o = m + 27. What are the prime factors of o?
2, 7
Suppose -4*f + 33 = -5*n, -n - 4*f + 0 = -3. Let k(p) = -p**2 - 7*p - 2. List the prime factors of k(n).
2
Suppose 2*p - 23 = -5*o + p, -2*o + 17 = 3*p. Let t be o - 1*(-3)/(-3). Suppose 2*d + s - 29 = 0, t*s = -4*d + 31 + 28. What are the prime factors of d?
2, 7
Let u be (-4)/(-10) - 261/15. Let x = 26 + u. Suppose -4*b - 50 = -x*b. What are the prime factors of b?
2, 5
Suppose 26*g - 21*g = 765. List the prime factors of g.
3, 17
Suppose -2 = 4*l + 2. Let s be (l - 2)/(-3 - -2). Suppose -4*h + 5*b + 61 = 0, s*b + 40 = 3*h - 2. What are the prime factors of h?
3
Let z be ((-8)/6)/((-8)/60). Suppose -2*r + z = 4*y, 0 = 5*y + r - 17 + 3. Suppose -y*n = 3 - 30. What are the prime factors of n?
3
Let a = -2 - 2. Let v(q) = q**3 + 6*q**2 + 5*q + 4. Let m be v(a). Suppose 4 = -4*u + m. What are the prime factors of u?
3
Suppose 347 = 4*b + 139. List the prime factors of b.
2, 13
Let i be 4/10 - 108/(-5). Suppose r - i = -3. List the prime factors of r.
19
Let w be 7 - (0 + -1 + 1). Let q = w + -4. Suppose q*f - 25 = -2*f. What are the prime factors of f?
5
Suppose -89 = -2*x + 187. What are the prime factors of x?
2, 3, 23
Suppose -13 - 72 = -5*c. List the prime factors of c.
17
What are the prime factors of 81 + (-3)/2*2?
2, 3, 13
Let b(c) = -c**2 + 2*c - 11. Let n be b(-4). Let x = 58 + n. What are the prime factors of x?
23
Let j be (-1)/4 + (-105)/12. Let i be -6*(12/j)/1. List the prime factors of (1 - -1)*i/1.
2
Suppose -4*v + 80 = -0*v. Let n = 41 - v. What are the prime factors of n?
3, 7
List the prime factors of ((-12)/(-9) + -2)/((-2)/303).
101
Suppose 1 = v + 2*w + 8, -3*w = 2*v + 12. Let j = -1 - v. List the prime factors of j/(4/3)*2.
3
Suppose -5 = 3*m + 1. Let t = 22 + m. What are the prime factors of t?
2, 5
Suppose -4*l = -0*l + 8. Let a be (-2 - 1) + 2 + l. What are the prime factors of 1/(-2 + 1)*a?
3
Suppose -7 = t - 18. Suppose -4*o + 5*r = 15, 3*o + 5*r = -2*o + 15. Let s = o + t. What are the prime factors of s?
11
Suppose -3*c - 13 + 1 = 0. Let w be (4/6)/((-10)/(-45)). List the prime factors of c/(-2) + w + 4.
3
What are the prime factors of ((-32)/10)/(4/100*-2)?
2, 5
Suppose -4*n + 13 = -11. Suppose 0 = 2*j + 2*r + n, -5*r + r = 3*j + 13. Let l = 6 + j. What are the prime factors of l?
7
Let a(i) = -i**3 - 6*i**2 + 9*i + 10. Let h be a(-7). Let z be (0 - h) + -3 + 4. Suppose 5 = d - z. What are the prime factors of d?
2, 5
Suppose 0 = -t + 6. Let s = 12 - t. Suppose 0 = -4*j - 2*n + 58, -s*n + 25 = j - 2*n. What are the prime factors of j?
13
Suppose 13*u - 550 = 2*u. What are the prime factors of u?
2, 5
Let n = 537 + -329. What are the prime factors of n?
2, 13
Suppose -d = 3*d - 3*o - 8, -3*d + 4*o = -6. Let n = d + 13. Suppose 0 = 2*p - n - 1. What are the prime factors of p?
2
List the prime factors of 1 + (-9)/6 - 3066/(-12).
3, 5, 17
Let x(j) = 0*j**2 - j**2 + 5*j**3 - 33*j**3. What are the prime factors of x(-1)?
3
Suppose 21 = 5*i - 3*r, 2*i + r - 2 = 2. Suppose 2*g - i - 5 = 0. Suppose -3*z = -g*z + 10. List the prime factors of z.
2, 5
Let k(f) be the second derivative of f**4/12 - f**3 + f**2 - f. What are the prime factors of k(7)?
3
Let x(f) be the second derivative of f**3/3 + 6*f**2 - 6*f. What are the prime factors of x(6)?
2, 3
Let u = -1 + 4. What are the prime factors of u?
3
Let f(z) = z**3 + 3*z**2 - 6*z - 4. Let g be f(-4). Suppose 0 = j - 9 - g. List the prime factors of (j + -3)*4/10.
2
Let g(r) = r**2 + r - 4. Let f be g(2). Suppose k - f*k = -4*a + 133, -5*a + 155 = -5*k. List the prime factors of a.
2, 17
Suppose 5*g - 3 - 2 = 0. List the prime factors of (g - -3) + 3 + -5.
2
Let c(v) = v**3 + 13*v**2 - 27*v - 4. List the prime factors of c(-13).
347
Suppose o + 13 = r - 25, r + 2*o - 53 = 0. Let p = 64 - r. List the prime factors of p.
3, 7
Let n be 1*(0/1 + -25). Let f = n + 48. What are the prime factors of f?
23
Let x(w) = -w**2 - 8*w + 6. Let a be x(-8). Suppose -r + a*c - c = -27, 5*r - 63 = c. List the prime factors of r.
2, 3
Let n(j) = 5*j + 11. List the prime factors of n(5).
2, 3
Let g(t) = 8*t + 42. Let a(w) = 9*w + 43. Let f(c) = -6*a(c) + 7*g(c). List the prime factors of f(0).
2, 3
What are the prime factors of (100/12)/((-1)/(-6))?
2, 5
Suppose 5*h = -5*h + 1800. What are the prime factors of h?
2, 3, 5
Let a(q) = -q**3 + 9*q**2 + 4*q + 13. List the prime factors of a(9).
7
Let r be (-2)/6 - 102/(-9). Let p = r + 16. What are the prime factors of p?
3
Suppose -12 = -4*l - 0. Suppose i + 1 = -l. What are the prime factors of ((-42)/(-24))/((-1)/i)?
7
Let a = 10 + -9. Let b(j) = 9*j**3 - j. Let z be b(a). Let p = z - -4. List the prime factors of p.
2, 3
Suppose 4*t - 316 = -4*a, -5*a = -3*t + 2*t - 407. List the prime factors of (10/(-3))/((-9)/a).
2, 3, 5
Let j be (1 - 0) + (0 - 9). Let u(w) = w**3 + 7*w**2 - 7*w - 10. Let n be u(j). Let s = n - -27. List the prime factors of s.
3
Let i be 0*((2 - 2) + -1). Suppose i*n + n = 5. List the prime factors of n.
5
Let u(x) = 11*x**3 - 2*x**2 + 2*x - 1. Let g be u(1). Let s be (-3 - -2)/((-2)/g). Suppose -s*i + 9 + 11 = 0. What are the prime factors of i?
2
What are the prime factors of 4 - (-75 - 4) - -2?
5, 17
Let k be (3/9)/((-2)/(-150)). Suppose -17 = -3*f + k. List the prime factors of f.
2, 7
Let f be 1*(-1 + 2)*2. Suppose 0 = -f*h + 4*h - 6. What are the prime factors of h?
3
List the prime factors of (-2 + (-3 - -4))*-51.
3, 17
Suppose 4*h - q = 47 - 8, 4*h = 5*q + 35. List the prime factors of h.
2, 5
Let c(r) = -r**3 - 4*r**2 + 7*r - 4. Let y = -8 - -2. Let l be c(y). Let g = l + -13. List the prime factors of g.
13
List the prime factors of (-3)/15 - 348/(-15).
23
Let l = -153 - -297. What are the prime factors of l?
2, 3
Let i(h) be the second derivative of -h**3/6 - h**2/2 + h. Let d be i(11). List the prime factors of -1*4/6*d.
2
Let a be 106 - -1*(-2 + 3). Suppose 29 = -2*c + a. What are the prime factors of c?
3, 13
Let h = 1 + -1. Suppose h*x = -5*d - x, x = 5*d. Suppose -8 = -4*z - d. What are the prime factors of z?
2
Suppose n = 5*u + 28 - 5, -95 = -5*n + 5*u. Suppose 5*m - n = -3*q, 5*q + 0*q - 4 = -4*m. Let c(x) = x**2 - 6*x + 6. List the prime factors of c(m).
2, 3
Suppose 7*b - 6*b - 310 = 0. What are the prime factors of b?
2, 5, 31
Let i = -5 + 8. Let m(t) = 9 + i + t + 1. List the prime factors of m(-8).
5
Let z(a) = 2*a**3 - 5*a**2 - 2*a - 6. List the prime factors of z(4).
2, 17
Let c = 25 - 7. Let o be (-29)/(-9) - 4/c. Suppose -o*w = 2*z + 8, z - 2*w + 6 = -4*w. List the prime factors of z.
2
Let m = 9 + -14. List the prime factors of 40/2 + (-7 - m).
2, 3
Let u(x) = -x**2 + 7*x - 8. Let y be u(6). Let n = -2 - y. Suppose n = 4*c - 11 + 3. What are the prime factors of c?
2
Suppose -10*c = -13*c. Suppose c*s = -2*s + 62. What are the prime factors of s?
31
Let p be (-4)/2 + 6 + -1. Let d be (-42)/p*(-9)/6. Let w = -14 + d. What are the prime factors of w?
7
Let x(i) = i**3 - 11*i**2 + 13*i - 12. Let n be x(10). Suppose -30 - n = -4*z. List the prime factors of z.
2, 3
Suppose -299 + 2109 = 10*m. List the prime factors of m.
181
Let j = 397 - 239. What are the prime factors of j?
2, 79
Suppose -u = -4*u. Suppose h - 2*h + 27 = u. What are the prime factors of h?
3
Let f(i) = -i**3 - 3*i**2 - 2*